 by m.
6
What is the remainder when (2 + -5)*52/(-6) is divided by ((-14)/(-5))/((-1)/(-5))?
12
Suppose 0 = 3*l - t - 18, -2*l - 3*t + 6 - 5 = 0. Calculate the remainder when 19 is divided by l.
4
Suppose 69 = 3*a + 3*c, -3*a + 0*c + 73 = 5*c. Let z be (-2)/(-5) + (-42)/30. Let i = 12 + z. What is the remainder when a is divided by i?
10
Let b(i) = 2*i**2 + 9*i - 5. Let u be b(-5). Suppose -5*d = -u*d - 100. Calculate the remainder when 38 is divided by d.
18
Calculate the remainder when 45 is divided by (-201)/(-9) + 4/6.
22
Let p = 8 + -4. Calculate the remainder when p - (-2 + 0 - 24) is divided by 8.
6
Suppose 2*j + 19 = 3*b - 2*b, -b = 2*j + 1. Let h = 15 - -28. Calculate the remainder when h is divided by b.
7
Let u(i) = -8*i + 3. Calculate the remainder when 27/(2 + (-6)/4) is divided by u(-2).
16
Let t(m) = m + 4. Calculate the remainder when 29 is divided by t(7).
7
Let h = -6 - -20. Let o(g) = 2*g - 3. Calculate the remainder when h is divided by o(4).
4
Let k(q) = 2*q**3 - 3*q**2 + q + 2. What is the remainder when k(2) is divided by 5?
3
Let c = 188 + -163. Calculate the remainder when 67 is divided by c.
17
Let a = 186 - 86. Let i be (-1 - -181) + 1*-1. Let z = i - a. What is the remainder when z is divided by 20?
19
Let r = 51 - 8. What is the remainder when r is divided by 11?
10
Let i be 1*2*12*2. Suppose -52 = 4*z + 80. Let u = z + i. What is the remainder when 29 is divided by u?
14
Suppose 5*b - 2*b = h + 46, 0 = -2*b + h + 29. Calculate the remainder when b is divided by 9.
8
Let l(g) = -g + 1. What is the remainder when (-157)/(-6) + (-3)/18 is divided by l(-8)?
8
Suppose 0 = 3*c - a + 6*a - 25, -3*c = -4*a - 7. Let w = c - -14. Suppose -k = -2*t + 78, 3*k + 19 = -t + 44. What is the remainder when t is divided by w?
18
Suppose 0 = -2*r, 5*b = 3*b - 5*r + 10. Suppose 0*l = 4*i - 3*l - 100, 4*i - b*l = 100. Calculate the remainder when 23 is divided by 2/4 - i/(-2).
10
Suppose -32 = 4*b - 5*b. What is the remainder when b is divided by 11?
10
Suppose m + 129 = 3*w - 3*m, 3*w - 2*m - 123 = 0. Calculate the remainder when 114 is divided by w.
36
Suppose 3*n + 2*b - 22 = 0, -2*n + 19 = 5*b - 3. Let o = -53 - -81. Calculate the remainder when o is divided by n.
4
Let v be 7/1*(-1 - -2). Let n be (-2)/v + (-815)/(-35). Suppose -5*b = z - 57 - n, -4*b = -2*z - 50. What is the remainder when b is divided by 4?
3
Suppose 0 = 6*s - 12 - 114. Calculate the remainder when 62 is divided by s.
20
Suppose 0 = -3*x + x. Suppose x = 2*a - 7*a + 45. Let i = 15 - a. Calculate the remainder when 17 is divided by i.
5
Let o(a) = a**3 + 4*a**2 + 3*a + 1. Let n be o(-2). Suppose -2*r = n - 39. What is the remainder when r is divided by 5?
3
Suppose a + 16 = 5*a. Let k(f) = f**2 - f - 3. What is the remainder when 25 is divided by k(a)?
7
Suppose 0*x - 9 = x. Let h(r) = r**3 + 10*r**2 + 6*r - 6. Calculate the remainder when h(x) is divided by 8.
5
Let p be (-2 - 0)/(2/(-14)). Suppose -5*r = -p - 16. Let a = 5 - 1. Calculate the remainder when r is divided by a.
2
Suppose s - 3 - 1 = 0. Let p = s + 7. What is the remainder when 41 is divided by p?
8
Suppose -2*q - 3*u + 238 = u, 0 = 4*q + 2*u - 458. Calculate the remainder when q is divided by 29.
26
Suppose 5 = 2*o - 7*o, -2*a = 5*o - 41. Calculate the remainder when a is divided by 8.
7
Let y(i) = i**3 + 5*i**2 + 3*i + 3. Let o(n) = -20*n - 147. What is the remainder when o(-9) is divided by y(-2)?
6
Let z be 4/(-14) - (-262)/(-14). Let n = z - -34. Suppose 6*h = 3*h + n. Calculate the remainder when h is divided by 3.
2
Let q(h) = 4*h + 2. Calculate the remainder when 55 is divided by q(3).
13
Let s(m) = m**2 - 12. What is the remainder when 37 is divided by s(5)?
11
Let t be (-1)/(-2) - (-74)/4. Suppose 46 = 3*x + u, -4*x + 3*u = t - 89. What is the remainder when 10/20*188/2 is divided by x?
15
Let d be 13 + (1 - 0)*-1. Calculate the remainder when 78/8 - d/16 is divided by 3/(-2*9/(-30)).
4
Suppose 4*i + 32 = 4*a, -3*a - 8*i + 16 = -3*i. What is the remainder when 32 is divided by a?
4
Let x = 665 + -415. What is the remainder when x is divided by 28?
26
Suppose 6 - 27 = -3*d. What is the remainder when 19 is divided by d?
5
Let w = 11 - 7. Suppose 5*u + 6 = w*k - 51, 1 = -u. Calculate the remainder when 38 is divided by k.
12
Let k = -6 - 53. Let z = k + 98. What is the remainder when z is divided by 14?
11
Suppose -5*d - 2 = -107. What is the remainder when d is divided by 8?
5
Suppose -4*c + 268 = 2*t, 3*c - 201 = -3*t + 6*t. Calculate the remainder when c is divided by 7.
4
Suppose 4*g - 8*g = -5*v - 26, 8 = -4*v. Calculate the remainder when -1 + (10 - -1) + 1 is divided by g.
3
Let i(d) = d**3 + 12*d**2 + 5*d - 13. Calculate the remainder when i(-11) is divided by 28.
25
Let y = 26 + -23. Let b(a) = a**3 + a**2 - 3*a + 1. Suppose -11 + 1 = -t. Calculate the remainder when b(y) is divided by t.
8
Suppose 4*u - 31 = -7. Let y(l) = 3*l - 8. Let a = 16 - -2. Calculate the remainder when a is divided by y(u).
8
Calculate the remainder when ((-245)/(-20))/(3/24) is divided by 20.
18
Suppose 3*r - 30 = 3*x, 3*r + 3*x - 5 = x. Suppose 60 = -d + r*d. Calculate the remainder when 507/18 + (-6)/36 is divided by d.
13
Suppose g + 100 = 5*i - 2*g, -3*i - 5*g + 26 = 0. Suppose -i = s + 2*w + 9, 57 = -3*s + w. What is the remainder when 2/4*-2 - s is divided by 7?
5
Suppose 9*d - 200 = 5*d. Suppose -52 = -0*u - 4*u. What is the remainder when d is divided by u?
11
Suppose -3*f + 407 = 4*i, -4*f - 5*i = -f - 412. What is the remainder when f is divided by 26?
25
Let s = 103 - 92. What is the remainder when 29 is divided by s?
7
Suppose 2*c - 20 = -3*c. Suppose -c*n + 7 = -3*n. Suppose 2*j = 35 - n. What is the remainder when 41 is divided by j?
13
Let j be 340/14 + 2/(-7). What is the remainder when 21 is divided by (3 - j/10)*10?
3
Suppose -i = -3*n + 3*i + 22, 2*i + 14 = 3*n. Calculate the remainder when 4 is divided by n.
0
Let m = -1 + 1. Suppose -t + 53 = -2*c + 6*c, m = 5*c + 3*t - 75. Calculate the remainder when 35 is divided by c.
11
Let u(s) = s**2 + 10*s + 6. Let k(a) = -a**2 + 3*a + 3. Let b be k(-2). Let p be u(b). What is the remainder when (-2)/(-6) + (-85)/p is divided by 4?
2
Let x(r) = -8 + 1 - 2*r - 2. What is the remainder when 28 is divided by x(-7)?
3
Let f be -4*(-1 - (-2)/4). Suppose -5*k + f*k = -21. What is the remainder when 12 is divided by k?
5
Let d(f) = -2*f - 9. Calculate the remainder when 19 is divided by d(-7).
4
Let s = 21 + -11. What is the remainder when 25 is divided by s?
5
Suppose 0 = 4*v - 30 - 42. Calculate the remainder when v is divided by 10.
8
Suppose 5*c - 4*o - 19 = -o, -5*o - 19 = -2*c. Suppose 6*t - 2*f - 56 = c*t, 68 = 4*t - 5*f. What is the remainder when 3/(-6) + 141/6 is divided by t?
11
Let l(t) = 7*t - 18. Suppose -4*n - g + 24 = -0*n, 0 = -4*n + g + 24. Calculate the remainder when l(4) is divided by n.
4
Suppose 5*s = 3*p - 28, 0*s + 4*s + 23 = 3*p. Let m = 8 - p. What is the remainder when m is divided by 1/(-1) - 8/(-2)?
1
Let v be ((-2)/7)/(1/(-7)). Suppose 3*r = v + 10. Suppose -5*u = -5*m, -3*u + r = 2*m - 1. What is the remainder when u is divided by 1?
0
Let r be (-62)/(-2) + (-7)/(-7). Let h = r - 18. Suppose -2*l + 5*u - 6 = -14, 2*l - h = 2*u. Calculate the remainder when l is divided by 5.
4
Let f(a) = -8*a. Let g be 146/8 - (-2)/(-8). Suppose 0 = 4*w + 3*h - h - 34, -3*w - 3*h + g = 0. What is the remainder when f(-4) is divided by w?
10
Let r(d) = 2*d - 11. Let m be r(8). Let s = -9 - -12. Suppose 95 = p + s*p + m*k, 0 = -k - 1. Calculate the remainder when p is divided by 13.
12
Suppose 0 = 3*w - 5*w + 36. Let l = 46 + w. Suppose -l = -2*c + 28. What is the remainder when c is divided by 16?
14
Let n = -52 + 165. What is the remainder when n is divided by 23?
21
Suppose -n = -3*n - 4, -f + n + 115 = 0. Calculate the remainder when f is divided by 29.
26
Suppose 23 = 4*g + 3. Let u(a) = -a**3 - a**2 + 2*a**2 - 7 + 3*a + 6*a**2. Calculate the remainder when u(g) is divided by 15.
13
Suppose 0 = -4*s - 4*b + 32, 4*s + 0*b - 68 = 5*b. Suppose -15 = -3*v + s. What is the remainder when 35 is divided by v?
8
Suppose -20 = -5*r, 5*r - 2*r = 2*y + 6. Calculate the remainder when 7/2 - (-1)/2 is divided by y.
1
Suppose 2*a + 24 = 5*a